{"version":"1.0","provider_name":"Camiseta de f\u00fatbol Atletico de Madrid 2024 2025 - SuperVigo","provider_url":"https:\/\/fpsin.com","author_name":"istern","author_url":"https:\/\/fpsin.com\/index.php\/author\/Quetzalxochitl\/","title":"entradas para atletico de madrid arsenal - Camiseta de f\u00fatbol Atletico de Madrid 2024 2025 - SuperVigo","type":"rich","width":600,"height":338,"html":"<blockquote class=\"wp-embedded-content\" data-secret=\"ou94EHDy0d\"><a href=\"https:\/\/fpsin.com\/index.php\/2021\/06\/09\/entradas-para-atletico-de-madrid-arsenal\/\">entradas para atletico de madrid arsenal<\/a><\/blockquote><iframe sandbox=\"allow-scripts\" security=\"restricted\" src=\"https:\/\/fpsin.com\/index.php\/2021\/06\/09\/entradas-para-atletico-de-madrid-arsenal\/embed\/#?secret=ou94EHDy0d\" width=\"600\" height=\"338\" title=\"\u00abentradas para atletico de madrid arsenal\u00bb \u2014 Camiseta de f\u00fatbol Atletico de Madrid 2024 2025 - SuperVigo\" data-secret=\"ou94EHDy0d\" frameborder=\"0\" marginwidth=\"0\" marginheight=\"0\" scrolling=\"no\" class=\"wp-embedded-content\"><\/iframe><script>\n\/*! This file is auto-generated *\/\n!function(d,l){\"use strict\";l.querySelector&&d.addEventListener&&\"undefined\"!=typeof URL&&(d.wp=d.wp||{},d.wp.receiveEmbedMessage||(d.wp.receiveEmbedMessage=function(e){var t=e.data;if((t||t.secret||t.message||t.value)&&!\/[^a-zA-Z0-9]\/.test(t.secret)){for(var s,r,n,a=l.querySelectorAll('iframe[data-secret=\"'+t.secret+'\"]'),o=l.querySelectorAll('blockquote[data-secret=\"'+t.secret+'\"]'),c=new RegExp(\"^https?:$\",\"i\"),i=0;i<o.length;i++)o[i].style.display=\"none\";for(i=0;i<a.length;i++)s=a[i],e.source===s.contentWindow&&(s.removeAttribute(\"style\"),\"height\"===t.message?(1e3<(r=parseInt(t.value,10))?r=1e3:~~r<200&&(r=200),s.height=r):\"link\"===t.message&&(r=new URL(s.getAttribute(\"src\")),n=new URL(t.value),c.test(n.protocol))&&n.host===r.host&&l.activeElement===s&&(d.top.location.href=t.value))}},d.addEventListener(\"message\",d.wp.receiveEmbedMessage,!1),l.addEventListener(\"DOMContentLoaded\",function(){for(var e,t,s=l.querySelectorAll(\"iframe.wp-embedded-content\"),r=0;r<s.length;r++)(t=(e=s[r]).getAttribute(\"data-secret\"))||(t=Math.random().toString(36).substring(2,12),e.src+=\"#?secret=\"+t,e.setAttribute(\"data-secret\",t)),e.contentWindow.postMessage({message:\"ready\",secret:t},\"*\")},!1)))}(window,document);\n\/\/# sourceURL=https:\/\/fpsin.com\/wp-includes\/js\/wp-embed.min.js\n<\/script>\n","description":"Pocos d\u00edas m\u00e1s tarde, el 27 de octubre de 1999, en un encuentro de la Liga de Campeones ante el AIK Solna, se convirti\u00f3 en el jugador m\u00e1s joven del FC Barcelona en disputar un encuentro de competici\u00f3n europea. Ley de Procedimiento Administrativo por tratarse la Liga Nacional de F\u00fatbol Profesional y la RFEF de [&hellip;]","thumbnail_url":"https:\/\/e00-marca.uecdn.es\/assets\/multimedia\/imagenes\/2019\/02\/03\/15492091421715.jpg"}

Camiseta de fútbol Atletico de Madrid 2024 2025 - SuperVigo

entradas para atletico de madrid arsenal - Camiseta de fútbol Atletico de Madrid 2024 2025 - SuperVigo

<blockquote class="wp-embedded-content" data-secret="ou94EHDy0d"><a href="https://fpsin.com/index.php/2021/06/09/entradas-para-atletico-de-madrid-arsenal/">entradas para atletico de madrid arsenal</a></blockquote><iframe sandbox="allow-scripts" security="restricted" src="https://fpsin.com/index.php/2021/06/09/entradas-para-atletico-de-madrid-arsenal/embed/#?secret=ou94EHDy0d" width="600" height="338" title="«entradas para atletico de madrid arsenal» — Camiseta de fútbol Atletico de Madrid 2024 2025 - SuperVigo" data-secret="ou94EHDy0d" frameborder="0" marginwidth="0" marginheight="0" scrolling="no" class="wp-embedded-content"></iframe><script>
/*! This file is auto-generated */
!function(d,l){"use strict";l.querySelector&&d.addEventListener&&"undefined"!=typeof URL&&(d.wp=d.wp||{},d.wp.receiveEmbedMessage||(d.wp.receiveEmbedMessage=function(e){var t=e.data;if((t||t.secret||t.message||t.value)&&!/[^a-zA-Z0-9]/.test(t.secret)){for(var s,r,n,a=l.querySelectorAll('iframe[data-secret="'+t.secret+'"]'),o=l.querySelectorAll('blockquote[data-secret="'+t.secret+'"]'),c=new RegExp("^https?:$","i"),i=0;i<o.length;i++)o[i].style.display="none";for(i=0;i<a.length;i++)s=a[i],e.source===s.contentWindow&&(s.removeAttribute("style"),"height"===t.message?(1e3<(r=parseInt(t.value,10))?r=1e3:~~r<200&&(r=200),s.height=r):"link"===t.message&&(r=new URL(s.getAttribute("src")),n=new URL(t.value),c.test(n.protocol))&&n.host===r.host&&l.activeElement===s&&(d.top.location.href=t.value))}},d.addEventListener("message",d.wp.receiveEmbedMessage,!1),l.addEventListener("DOMContentLoaded",function(){for(var e,t,s=l.querySelectorAll("iframe.wp-embedded-content"),r=0;r<s.length;r++)(t=(e=s[r]).getAttribute("data-secret"))||(t=Math.random().toString(36).substring(2,12),e.src+="#?secret="+t,e.setAttribute("data-secret",t)),e.contentWindow.postMessage({message:"ready",secret:t},"*")},!1)))}(window,document);
//# sourceURL=https://fpsin.com/wp-includes/js/wp-embed.min.js
</script>

Pocos días más tarde, el 27 de octubre de 1999, en un encuentro de la Liga de Campeones ante el AIK Solna, se convirtió en el jugador más joven del FC Barcelona en disputar un encuentro de competición europea. Ley de Procedimiento Administrativo por tratarse la Liga Nacional de Fútbol Profesional y la RFEF de [&hellip;]
