{"version":"1.0","provider_name":"Camiseta de f\u00fatbol Atletico de Madrid 2024 2025 - SuperVigo","provider_url":"https:\/\/fpsin.com","author_name":"istern","author_url":"https:\/\/fpsin.com\/index.php\/author\/Quetzalxochitl\/","title":"camiseta francia mundial brasil - Camiseta de f\u00fatbol Atletico de Madrid 2024 2025 - SuperVigo","type":"rich","width":600,"height":338,"html":"<blockquote class=\"wp-embedded-content\" data-secret=\"8O2CdmPufn\"><a href=\"https:\/\/fpsin.com\/index.php\/2021\/09\/15\/camiseta-francia-mundial-brasil\/\">camiseta francia mundial brasil<\/a><\/blockquote><iframe sandbox=\"allow-scripts\" security=\"restricted\" src=\"https:\/\/fpsin.com\/index.php\/2021\/09\/15\/camiseta-francia-mundial-brasil\/embed\/#?secret=8O2CdmPufn\" width=\"600\" height=\"338\" title=\"\u00abcamiseta francia mundial brasil\u00bb \u2014 Camiseta de f\u00fatbol Atletico de Madrid 2024 2025 - SuperVigo\" data-secret=\"8O2CdmPufn\" frameborder=\"0\" marginwidth=\"0\" marginheight=\"0\" scrolling=\"no\" class=\"wp-embedded-content\"><\/iframe><script>\n\/*! This file is auto-generated *\/\n!function(d,l){\"use strict\";l.querySelector&&d.addEventListener&&\"undefined\"!=typeof URL&&(d.wp=d.wp||{},d.wp.receiveEmbedMessage||(d.wp.receiveEmbedMessage=function(e){var t=e.data;if((t||t.secret||t.message||t.value)&&!\/[^a-zA-Z0-9]\/.test(t.secret)){for(var s,r,n,a=l.querySelectorAll('iframe[data-secret=\"'+t.secret+'\"]'),o=l.querySelectorAll('blockquote[data-secret=\"'+t.secret+'\"]'),c=new RegExp(\"^https?:$\",\"i\"),i=0;i<o.length;i++)o[i].style.display=\"none\";for(i=0;i<a.length;i++)s=a[i],e.source===s.contentWindow&&(s.removeAttribute(\"style\"),\"height\"===t.message?(1e3<(r=parseInt(t.value,10))?r=1e3:~~r<200&&(r=200),s.height=r):\"link\"===t.message&&(r=new URL(s.getAttribute(\"src\")),n=new URL(t.value),c.test(n.protocol))&&n.host===r.host&&l.activeElement===s&&(d.top.location.href=t.value))}},d.addEventListener(\"message\",d.wp.receiveEmbedMessage,!1),l.addEventListener(\"DOMContentLoaded\",function(){for(var e,t,s=l.querySelectorAll(\"iframe.wp-embedded-content\"),r=0;r<s.length;r++)(t=(e=s[r]).getAttribute(\"data-secret\"))||(t=Math.random().toString(36).substring(2,12),e.src+=\"#?secret=\"+t,e.setAttribute(\"data-secret\",t)),e.contentWindow.postMessage({message:\"ready\",secret:t},\"*\")},!1)))}(window,document);\n\/\/# sourceURL=https:\/\/fpsin.com\/wp-includes\/js\/wp-embed.min.js\n<\/script>\n","description":"Aunque fuese en una Eurocopa, el \u00faltimo hasta ayer hab\u00eda sido el estallido del caso Torbe sobre David de Gea tres d\u00edas antes del debut de Espa\u00f1a contra la Rep\u00fablica Checa en la Eurocopa de Francia hace dos a\u00f1os. Se gan\u00f3 una Copa del Rey en la temporada 1992-93, que fue, sin que nadie imaginase [&hellip;]","thumbnail_url":"https:\/\/img.huffingtonpost.com\/asset\/5c8b140222000030001a397a.jpeg?ops=1200_630"}

Camiseta de fútbol Atletico de Madrid 2024 2025 - SuperVigo

camiseta francia mundial brasil - Camiseta de fútbol Atletico de Madrid 2024 2025 - SuperVigo

<blockquote class="wp-embedded-content" data-secret="8O2CdmPufn"><a href="https://fpsin.com/index.php/2021/09/15/camiseta-francia-mundial-brasil/">camiseta francia mundial brasil</a></blockquote><iframe sandbox="allow-scripts" security="restricted" src="https://fpsin.com/index.php/2021/09/15/camiseta-francia-mundial-brasil/embed/#?secret=8O2CdmPufn" width="600" height="338" title="«camiseta francia mundial brasil» — Camiseta de fútbol Atletico de Madrid 2024 2025 - SuperVigo" data-secret="8O2CdmPufn" frameborder="0" marginwidth="0" marginheight="0" scrolling="no" class="wp-embedded-content"></iframe><script>
/*! This file is auto-generated */
!function(d,l){"use strict";l.querySelector&&d.addEventListener&&"undefined"!=typeof URL&&(d.wp=d.wp||{},d.wp.receiveEmbedMessage||(d.wp.receiveEmbedMessage=function(e){var t=e.data;if((t||t.secret||t.message||t.value)&&!/[^a-zA-Z0-9]/.test(t.secret)){for(var s,r,n,a=l.querySelectorAll('iframe[data-secret="'+t.secret+'"]'),o=l.querySelectorAll('blockquote[data-secret="'+t.secret+'"]'),c=new RegExp("^https?:$","i"),i=0;i<o.length;i++)o[i].style.display="none";for(i=0;i<a.length;i++)s=a[i],e.source===s.contentWindow&&(s.removeAttribute("style"),"height"===t.message?(1e3<(r=parseInt(t.value,10))?r=1e3:~~r<200&&(r=200),s.height=r):"link"===t.message&&(r=new URL(s.getAttribute("src")),n=new URL(t.value),c.test(n.protocol))&&n.host===r.host&&l.activeElement===s&&(d.top.location.href=t.value))}},d.addEventListener("message",d.wp.receiveEmbedMessage,!1),l.addEventListener("DOMContentLoaded",function(){for(var e,t,s=l.querySelectorAll("iframe.wp-embedded-content"),r=0;r<s.length;r++)(t=(e=s[r]).getAttribute("data-secret"))||(t=Math.random().toString(36).substring(2,12),e.src+="#?secret="+t,e.setAttribute("data-secret",t)),e.contentWindow.postMessage({message:"ready",secret:t},"*")},!1)))}(window,document);
//# sourceURL=https://fpsin.com/wp-includes/js/wp-embed.min.js
</script>

Aunque fuese en una Eurocopa, el último hasta ayer había sido el estallido del caso Torbe sobre David de Gea tres días antes del debut de España contra la República Checa en la Eurocopa de Francia hace dos años. Se ganó una Copa del Rey en la temporada 1992-93, que fue, sin que nadie imaginase [&hellip;]
