{"version":"1.0","provider_name":"Camiseta de f\u00fatbol Atletico de Madrid 2024 2025 - SuperVigo","provider_url":"https:\/\/fpsin.com","author_name":"istern","author_url":"https:\/\/fpsin.com\/index.php\/author\/Quetzalxochitl\/","title":"camiseta monta\u00f1a tour de francia - Camiseta de f\u00fatbol Atletico de Madrid 2024 2025 - SuperVigo","type":"rich","width":600,"height":338,"html":"<blockquote class=\"wp-embedded-content\" data-secret=\"omHCJfbm5q\"><a href=\"https:\/\/fpsin.com\/index.php\/2021\/09\/15\/camiseta-montana-tour-de-francia\/\">camiseta monta\u00f1a tour de francia<\/a><\/blockquote><iframe sandbox=\"allow-scripts\" security=\"restricted\" src=\"https:\/\/fpsin.com\/index.php\/2021\/09\/15\/camiseta-montana-tour-de-francia\/embed\/#?secret=omHCJfbm5q\" width=\"600\" height=\"338\" title=\"\u00abcamiseta monta\u00f1a tour de francia\u00bb \u2014 Camiseta de f\u00fatbol Atletico de Madrid 2024 2025 - SuperVigo\" data-secret=\"omHCJfbm5q\" frameborder=\"0\" marginwidth=\"0\" marginheight=\"0\" scrolling=\"no\" class=\"wp-embedded-content\"><\/iframe><script>\n\/*! This file is auto-generated *\/\n!function(d,l){\"use strict\";l.querySelector&&d.addEventListener&&\"undefined\"!=typeof URL&&(d.wp=d.wp||{},d.wp.receiveEmbedMessage||(d.wp.receiveEmbedMessage=function(e){var t=e.data;if((t||t.secret||t.message||t.value)&&!\/[^a-zA-Z0-9]\/.test(t.secret)){for(var s,r,n,a=l.querySelectorAll('iframe[data-secret=\"'+t.secret+'\"]'),o=l.querySelectorAll('blockquote[data-secret=\"'+t.secret+'\"]'),c=new RegExp(\"^https?:$\",\"i\"),i=0;i<o.length;i++)o[i].style.display=\"none\";for(i=0;i<a.length;i++)s=a[i],e.source===s.contentWindow&&(s.removeAttribute(\"style\"),\"height\"===t.message?(1e3<(r=parseInt(t.value,10))?r=1e3:~~r<200&&(r=200),s.height=r):\"link\"===t.message&&(r=new URL(s.getAttribute(\"src\")),n=new URL(t.value),c.test(n.protocol))&&n.host===r.host&&l.activeElement===s&&(d.top.location.href=t.value))}},d.addEventListener(\"message\",d.wp.receiveEmbedMessage,!1),l.addEventListener(\"DOMContentLoaded\",function(){for(var e,t,s=l.querySelectorAll(\"iframe.wp-embedded-content\"),r=0;r<s.length;r++)(t=(e=s[r]).getAttribute(\"data-secret\"))||(t=Math.random().toString(36).substring(2,12),e.src+=\"#?secret=\"+t,e.setAttribute(\"data-secret\",t)),e.contentWindow.postMessage({message:\"ready\",secret:t},\"*\")},!1)))}(window,document);\n\/\/# sourceURL=https:\/\/fpsin.com\/wp-includes\/js\/wp-embed.min.js\n<\/script>\n","description":"15\/07 El Valencia ha llegado a un acuerdo con el Braga para la cesi\u00f3n del joven centrocampista brasile\u00f1o Danilo Barbosa, que aterriza en el conjunto ch\u00e9 en calidad de cedido para la pr\u00f3xima temporada con opci\u00f3n de compra. El jugador brasile\u00f1o, de 19 a\u00f1os, habr\u00eda pasado ya el reconocimiento m\u00e9dico con el conjunto ch\u00e9 y [&hellip;]"}

Camiseta de fútbol Atletico de Madrid 2024 2025 - SuperVigo

camiseta montaña tour de francia - Camiseta de fútbol Atletico de Madrid 2024 2025 - SuperVigo

<blockquote class="wp-embedded-content" data-secret="omHCJfbm5q"><a href="https://fpsin.com/index.php/2021/09/15/camiseta-montana-tour-de-francia/">camiseta montaña tour de francia</a></blockquote><iframe sandbox="allow-scripts" security="restricted" src="https://fpsin.com/index.php/2021/09/15/camiseta-montana-tour-de-francia/embed/#?secret=omHCJfbm5q" width="600" height="338" title="«camiseta montaña tour de francia» — Camiseta de fútbol Atletico de Madrid 2024 2025 - SuperVigo" data-secret="omHCJfbm5q" frameborder="0" marginwidth="0" marginheight="0" scrolling="no" class="wp-embedded-content"></iframe><script>
/*! This file is auto-generated */
!function(d,l){"use strict";l.querySelector&&d.addEventListener&&"undefined"!=typeof URL&&(d.wp=d.wp||{},d.wp.receiveEmbedMessage||(d.wp.receiveEmbedMessage=function(e){var t=e.data;if((t||t.secret||t.message||t.value)&&!/[^a-zA-Z0-9]/.test(t.secret)){for(var s,r,n,a=l.querySelectorAll('iframe[data-secret="'+t.secret+'"]'),o=l.querySelectorAll('blockquote[data-secret="'+t.secret+'"]'),c=new RegExp("^https?:$","i"),i=0;i<o.length;i++)o[i].style.display="none";for(i=0;i<a.length;i++)s=a[i],e.source===s.contentWindow&&(s.removeAttribute("style"),"height"===t.message?(1e3<(r=parseInt(t.value,10))?r=1e3:~~r<200&&(r=200),s.height=r):"link"===t.message&&(r=new URL(s.getAttribute("src")),n=new URL(t.value),c.test(n.protocol))&&n.host===r.host&&l.activeElement===s&&(d.top.location.href=t.value))}},d.addEventListener("message",d.wp.receiveEmbedMessage,!1),l.addEventListener("DOMContentLoaded",function(){for(var e,t,s=l.querySelectorAll("iframe.wp-embedded-content"),r=0;r<s.length;r++)(t=(e=s[r]).getAttribute("data-secret"))||(t=Math.random().toString(36).substring(2,12),e.src+="#?secret="+t,e.setAttribute("data-secret",t)),e.contentWindow.postMessage({message:"ready",secret:t},"*")},!1)))}(window,document);
//# sourceURL=https://fpsin.com/wp-includes/js/wp-embed.min.js
</script>

15/07 El Valencia ha llegado a un acuerdo con el Braga para la cesión del joven centrocampista brasileño Danilo Barbosa, que aterriza en el conjunto ché en calidad de cedido para la próxima temporada con opción de compra. El jugador brasileño, de 19 años, habría pasado ya el reconocimiento médico con el conjunto ché y [&hellip;]
