{"version":"1.0","provider_name":"Camiseta de f\u00fatbol Atletico de Madrid 2024 2025 - SuperVigo","provider_url":"https:\/\/fpsin.com","author_name":"istern","author_url":"https:\/\/fpsin.com\/index.php\/author\/Quetzalxochitl\/","title":"segunda equipacion francia 2019 - Camiseta de f\u00fatbol Atletico de Madrid 2024 2025 - SuperVigo","type":"rich","width":600,"height":338,"html":"<blockquote class=\"wp-embedded-content\" data-secret=\"0IhfwrNckl\"><a href=\"https:\/\/fpsin.com\/index.php\/2021\/09\/15\/segunda-equipacion-francia-2019\/\">segunda equipacion francia 2019<\/a><\/blockquote><iframe sandbox=\"allow-scripts\" security=\"restricted\" src=\"https:\/\/fpsin.com\/index.php\/2021\/09\/15\/segunda-equipacion-francia-2019\/embed\/#?secret=0IhfwrNckl\" width=\"600\" height=\"338\" title=\"\u00absegunda equipacion francia 2019\u00bb \u2014 Camiseta de f\u00fatbol Atletico de Madrid 2024 2025 - SuperVigo\" data-secret=\"0IhfwrNckl\" frameborder=\"0\" marginwidth=\"0\" marginheight=\"0\" scrolling=\"no\" class=\"wp-embedded-content\"><\/iframe><script>\n\/*! This file is auto-generated *\/\n!function(d,l){\"use strict\";l.querySelector&&d.addEventListener&&\"undefined\"!=typeof URL&&(d.wp=d.wp||{},d.wp.receiveEmbedMessage||(d.wp.receiveEmbedMessage=function(e){var t=e.data;if((t||t.secret||t.message||t.value)&&!\/[^a-zA-Z0-9]\/.test(t.secret)){for(var s,r,n,a=l.querySelectorAll('iframe[data-secret=\"'+t.secret+'\"]'),o=l.querySelectorAll('blockquote[data-secret=\"'+t.secret+'\"]'),c=new RegExp(\"^https?:$\",\"i\"),i=0;i<o.length;i++)o[i].style.display=\"none\";for(i=0;i<a.length;i++)s=a[i],e.source===s.contentWindow&&(s.removeAttribute(\"style\"),\"height\"===t.message?(1e3<(r=parseInt(t.value,10))?r=1e3:~~r<200&&(r=200),s.height=r):\"link\"===t.message&&(r=new URL(s.getAttribute(\"src\")),n=new URL(t.value),c.test(n.protocol))&&n.host===r.host&&l.activeElement===s&&(d.top.location.href=t.value))}},d.addEventListener(\"message\",d.wp.receiveEmbedMessage,!1),l.addEventListener(\"DOMContentLoaded\",function(){for(var e,t,s=l.querySelectorAll(\"iframe.wp-embedded-content\"),r=0;r<s.length;r++)(t=(e=s[r]).getAttribute(\"data-secret\"))||(t=Math.random().toString(36).substring(2,12),e.src+=\"#?secret=\"+t,e.setAttribute(\"data-secret\",t)),e.contentWindow.postMessage({message:\"ready\",secret:t},\"*\")},!1)))}(window,document);\n\/\/# sourceURL=https:\/\/fpsin.com\/wp-includes\/js\/wp-embed.min.js\n<\/script>\n","description":"En este choque de debut, \u00abLa Roja\u00bb cont\u00f3 con el apoyo de m\u00e1s de 15 000 seguidores espa\u00f1oles, era la primera vez que en un gran torneo futbol\u00edstico celebradado fuera de Espa\u00f1a, se contaba con tal masa de aficionados. Un a\u00f1o m\u00e1s tarde, en 1934, Espa\u00f1a particip\u00f3 por primera vez en un Mundial. Asensio ya [&hellip;]"}

Camiseta de fútbol Atletico de Madrid 2024 2025 - SuperVigo

segunda equipacion francia 2019 - Camiseta de fútbol Atletico de Madrid 2024 2025 - SuperVigo

<blockquote class="wp-embedded-content" data-secret="0IhfwrNckl"><a href="https://fpsin.com/index.php/2021/09/15/segunda-equipacion-francia-2019/">segunda equipacion francia 2019</a></blockquote><iframe sandbox="allow-scripts" security="restricted" src="https://fpsin.com/index.php/2021/09/15/segunda-equipacion-francia-2019/embed/#?secret=0IhfwrNckl" width="600" height="338" title="«segunda equipacion francia 2019» — Camiseta de fútbol Atletico de Madrid 2024 2025 - SuperVigo" data-secret="0IhfwrNckl" frameborder="0" marginwidth="0" marginheight="0" scrolling="no" class="wp-embedded-content"></iframe><script>
/*! This file is auto-generated */
!function(d,l){"use strict";l.querySelector&&d.addEventListener&&"undefined"!=typeof URL&&(d.wp=d.wp||{},d.wp.receiveEmbedMessage||(d.wp.receiveEmbedMessage=function(e){var t=e.data;if((t||t.secret||t.message||t.value)&&!/[^a-zA-Z0-9]/.test(t.secret)){for(var s,r,n,a=l.querySelectorAll('iframe[data-secret="'+t.secret+'"]'),o=l.querySelectorAll('blockquote[data-secret="'+t.secret+'"]'),c=new RegExp("^https?:$","i"),i=0;i<o.length;i++)o[i].style.display="none";for(i=0;i<a.length;i++)s=a[i],e.source===s.contentWindow&&(s.removeAttribute("style"),"height"===t.message?(1e3<(r=parseInt(t.value,10))?r=1e3:~~r<200&&(r=200),s.height=r):"link"===t.message&&(r=new URL(s.getAttribute("src")),n=new URL(t.value),c.test(n.protocol))&&n.host===r.host&&l.activeElement===s&&(d.top.location.href=t.value))}},d.addEventListener("message",d.wp.receiveEmbedMessage,!1),l.addEventListener("DOMContentLoaded",function(){for(var e,t,s=l.querySelectorAll("iframe.wp-embedded-content"),r=0;r<s.length;r++)(t=(e=s[r]).getAttribute("data-secret"))||(t=Math.random().toString(36).substring(2,12),e.src+="#?secret="+t,e.setAttribute("data-secret",t)),e.contentWindow.postMessage({message:"ready",secret:t},"*")},!1)))}(window,document);
//# sourceURL=https://fpsin.com/wp-includes/js/wp-embed.min.js
</script>

En este choque de debut, «La Roja» contó con el apoyo de más de 15 000 seguidores españoles, era la primera vez que en un gran torneo futbolístico celebradado fuera de España, se contaba con tal masa de aficionados. Un año más tarde, en 1934, España participó por primera vez en un Mundial. Asensio ya [&hellip;]
